the greatest common factor of 93024 and 4275?
171
What is the greatest common factor of 3 and 135395?
1
What is the greatest common factor of 58520 and 550?
110
What is the highest common divisor of 335590 and 222?
74
Calculate the greatest common factor of 2196 and 128344.
244
Calculate the highest common factor of 96558 and 378.
42
Calculate the greatest common divisor of 52280 and 70.
10
Calculate the highest common divisor of 61904 and 53.
53
Calculate the greatest common divisor of 60 and 4440.
60
What is the greatest common divisor of 67363 and 265?
53
Calculate the highest common divisor of 2236834 and 542.
542
What is the highest common factor of 90899 and 459?
17
Calculate the highest common divisor of 43725 and 110.
55
Calculate the greatest common divisor of 45906 and 8064.
42
Calculate the greatest common divisor of 143849 and 80199.
1273
What is the highest common divisor of 37242 and 414?
18
Calculate the highest common divisor of 7488 and 616824.
936
What is the greatest common divisor of 46 and 2545778?
46
Calculate the greatest common divisor of 703365 and 2535.
195
Calculate the highest common factor of 495586 and 441.
49
What is the greatest common factor of 198239 and 133124?
1447
What is the greatest common divisor of 140 and 91?
7
What is the greatest common factor of 21328 and 24800?
496
What is the greatest common divisor of 150241 and 86359?
1183
What is the highest common divisor of 30497 and 1?
1
Calculate the greatest common factor of 63496 and 12.
4
What is the greatest common factor of 11100 and 3145?
185
What is the highest common divisor of 11550 and 399?
21
Calculate the greatest common factor of 112 and 656.
16
Calculate the greatest common divisor of 861 and 31119.
123
Calculate the greatest common divisor of 248410 and 160.
10
Calculate the highest common divisor of 328 and 184.
8
What is the greatest common factor of 35744 and 64?
32
Calculate the highest common factor of 584243 and 77.
11
What is the highest common factor of 469 and 45627?
67
What is the highest common divisor of 33609 and 969?
51
Calculate the highest common divisor of 75480 and 10.
10
What is the highest common factor of 37564 and 96?
4
Calculate the highest common factor of 649 and 1121.
59
What is the highest common factor of 763 and 230535?
109
Calculate the greatest common divisor of 765 and 8551.
17
What is the highest common factor of 81 and 29943?
27
Calculate the highest common factor of 1024 and 2816.
256
Calculate the greatest common divisor of 12170 and 90.
10
Calculate the greatest common divisor of 342 and 80826.
114
Calculate the highest common divisor of 238338 and 18.
18
What is the greatest common factor of 40587 and 22005?
489
Calculate the greatest common factor of 91 and 7203.
7
Calculate the greatest common factor of 250 and 2145875.
125
What is the greatest common factor of 9872 and 68487?
617
What is the greatest common factor of 2 and 21919?
1
Calculate the highest common factor of 56 and 70364.
28
What is the greatest common divisor of 84 and 4908?
12
Calculate the highest common divisor of 130494 and 1820.
182
Calculate the highest common factor of 1021713 and 198.
33
Calculate the greatest common factor of 158676 and 56.
28
What is the greatest common divisor of 351 and 12779?
13
What is the highest common divisor of 27 and 821394?
27
Calculate the highest common factor of 38193 and 2523.
87
Calculate the highest common factor of 1414 and 818100.
202
Calculate the greatest common divisor of 40458 and 66.
66
Calculate the greatest common factor of 1911965 and 220.
55
What is the highest common factor of 1327448 and 8?
8
Calculate the highest common divisor of 800 and 1024.
32
Calculate the greatest common divisor of 197951 and 13.
13
Calculate the highest common divisor of 208 and 6096.
16
What is the highest common divisor of 4 and 1399496?
4
What is the highest common divisor of 72 and 41598?
18
Calculate the highest common factor of 7371 and 3654.
63
What is the highest common divisor of 10146 and 1157?
89
Calculate the highest common factor of 188 and 445795.
47
Calculate the highest common factor of 289232 and 24.
8
What is the highest common divisor of 3432 and 121550?
286
What is the greatest common factor of 1368 and 224808?
456
What is the highest common divisor of 525 and 9345?
105
Calculate the highest common divisor of 11044 and 121.
11
What is the highest common factor of 116 and 1417288?
116
Calculate the greatest common divisor of 195 and 4535.
5
Calculate the greatest common divisor of 53664 and 27348.
516
Calculate the highest common divisor of 1 and 1089.
1
Calculate the highest common divisor of 768 and 86608.
16
Calculate the highest common divisor of 432 and 3504.
48
What is the greatest common divisor of 298035 and 6?
3
What is the highest common factor of 6438 and 2262?
174
What is the highest common divisor of 380 and 20?
20
What is the highest common divisor of 289362 and 54?
6
What is the greatest common divisor of 145170 and 90?
90
Calculate the greatest common factor of 315 and 270795.
105
What is the greatest common factor of 126 and 3312?
18
What is the highest common factor of 1422 and 1746?
18
Calculate the highest common divisor of 12834 and 2622.
138
What is the greatest common divisor of 437206 and 154?
154
Calculate the greatest common divisor of 8675 and 15.
5
Calculate the highest common factor of 522 and 12522.
6
Calculate the highest common factor of 22 and 1226.
2
Calculate the highest common divisor of 132540 and 4794.
282
Calculate the greatest common divisor of 3069 and 162.
9
Calculate the highest common factor of 5550 and 432.
6
What is the highest common divisor of 496 and 2048?
16
What is the greatest common divisor of 1958 and 53934?
178
Calculate the greatest common divisor of 50 and 29710.
10
What is the greatest common factor of 13281 and 68502?
699
Calculate the highest common factor of 90 and 380610.
90
Calculate the highest common factor of 6 and 2242.
2
What is the greatest common divisor of 9821 and 122?
61
Calculate the greatest common factor of 3020 and 4287645.
755
What is the greatest common divisor of 225 and 102240?
45
Calculate the greatest common divisor of 43921 and 26037.
263
What is the highest common divisor of 401055 and 15?
15
Calculate the greatest common factor of 127851 and 399.
57
What is the greatest common divisor of 7550 and 18500?
50
What is the greatest common divisor of 216 and 3452004?
108
Calculate the greatest common factor of 346786 and 5687.
121
What is the highest common factor of 127 and 232156?
127
What is the highest common factor of 65685 and 3775?
755
Calculate the highest common factor of 21440 and 469.
67
Calculate the highest common factor of 1848 and 1428.
84
Calculate the highest common factor of 31266 and 67716.
162
Calculate the greatest common factor of 12 and 73016.
4
What is the greatest common factor of 156 and 1833?
39
What is the highest common divisor of 19 and 163913?
19
What is the greatest common factor of 2646 and 18432?
18
Calculate the highest common divisor of 95134 and 78.
26
What is the highest common divisor of 57 and 191083?
19
What is the greatest common factor of 432 and 7716?
12
What is the highest common divisor of 25 and 365450?
25
What is the greatest common divisor of 459 and 42471?
27
What is the highest common divisor of 462 and 289806?
66
Calculate the greatest common divisor of 2464 and 25718.
154
Calculate the greatest common factor of 19424 and 688.
16
What is the highest common factor of 249 and 92047?
83
Calculate the greatest common factor of 2391 and 33.
3
Calculate the highest common divisor of 8515733 and 269.
269
Calculate the highest common factor of 2028 and 319917.
507
Calculate the highest common factor of 352 and 45232.
176
What is the greatest common factor of 48852 and 8694?
414
Calculate the greatest common divisor of 43403 and 5.
1
What is the highest common divisor of 477 and 1063922?
53
Calculate the greatest common factor of 105849 and 2565.
171
What is the greatest common factor of 1904 and 140539?
119
What is the greatest common divisor of 5822 and 49200?
82
What is the greatest common factor of 416340 and 5654?
514
What is the greatest common divisor of 706 